 r(p) = 4*p + 43. What is the remainder when 773 is divided by r(i)?
42
Let k(x) = -8*x - 10*x**2 - x**2 + x**3 + 19 + 15*x**2. Let h be k(-6). Calculate the remainder when 13 is divided by 9 - h/(-15)*0.
4
Let n be -1*(-3 - (-2 - -3)). Let s(g) = 0*g + 9*g + n*g - 9. Calculate the remainder when s(3) is divided by 17.
13
Suppose -3*q - 106 = 68. Let r(y) = -2*y**2 - 123*y - 321. What is the remainder when r(-58) is divided by (q/4)/1*-2?
27
Calculate the remainder when 8 + -6244*6/(-60)*5 is divided by 29.
27
Suppose 216*q - 1870 = 153434. Calculate the remainder when q is divided by 178.
7
Let w be 44/66 + 8*33/(-18). Let b(q) = 2*q**2 + 35*q + 201. Calculate the remainder when b(w) is divided by 24.
7
Let r(s) = -11*s + 91. What is the remainder when 45 - -15*2/(-6) - 3 is divided by r(6)?
12
Calculate the remainder when (-170)/4*(-9)/((-18)/(-112)) is divided by 171.
157
Suppose -115 = -3*o + 5*p, -3*o + 46 = -p - 73. Suppose -o*x = -44*x - 2072. Let w = -343 - x. Calculate the remainder when w is divided by 44.
43
Let q(x) = 6*x**2 + 95*x + 869. What is the remainder when q(-18) is divided by 97?
36
Let q = -3157 + 3163. Let n(j) = -j**3 - 9*j**2 - 5*j - 2. Let k be n(-7). Calculate the remainder when 834/10 - (-26)/k is divided by q.
5
Let k = 638897 + -638834. Calculate the remainder when k is divided by 2/8 - 63/(-4).
15
Let g be (12/(-20))/((-6)/30). Suppose 52 - 7 = g*s. Calculate the remainder when 42 is divided by s.
12
Let o(b) = b**3 + 5*b**2 - 2*b - 2. Suppose 5*l - 389 = -4*m, -14*m + 15*m = -5*l + 86. Let v = 186 - m. Calculate the remainder when v is divided by o(-3).
19
Let u = 77 - 75. Suppose 7*l - u*l - 40 = 0. Suppose 5*v = -2*g - 6, g = 5*v + 4 + 23. What is the remainder when l is divided by g?
1
Let k(w) = -w**3 - 10*w**2 - 30*w - 18. Suppose 175 - 59 = 2*c. What is the remainder when c is divided by k(-6)?
4
Let v = -938 - -1002. Calculate the remainder when v is divided by 3.
1
Let w = -1063 - -1063. Suppose w = 12*u - 129 - 195. Suppose 3*n = -0*n + 174. What is the remainder when n is divided by u?
4
Let b = 14494 + -14433. Let z(t) be the third derivative of -7*t**6/60 + t**4/24 + 2*t**2. What is the remainder when b is divided by z(-1)?
9
Let h = -82 - 107. Let i = h - -196. What is the remainder when 306 is divided by i?
5
Let g(h) = 3*h - h**3 + 17*h**2 - 113147 + 113055 + 15*h**2. Calculate the remainder when 2/1*1 - -8 is divided by g(32).
2
Let a(j) = j**3 - 2*j**2 - 7*j - 20. Let x be a(5). Suppose 0 = x*u - 3715 + 675. What is the remainder when u is divided by 45?
17
Calculate the remainder when 3207 is divided by (-2)/(-32)*292*(-54 - -6)/(-6).
141
Let x(t) = 6902*t + 41571. What is the remainder when x(-6) is divided by 16*(-1 + 0 + 2)?
15
Let b be (22 + -24)*(-3 + 0). Suppose b*o - 7*o + 4 = 0, 4*k = 3*o + 196. Let s = 80 - k. Calculate the remainder when 54 is divided by s.
26
Suppose -80 = -y - 5*u, -3*u - 22 = -y + 34. Suppose -33*t + 25*t = -136. Calculate the remainder when y is divided by t.
14
Suppose -11426 = -114*r + 8384 - 1456. What is the remainder when 621 is divided by r?
138
Suppose 3*d = 0, -3*p + 198 = -2*p + 3*d. Suppose -2*o + 301 = 5*z - p, 0 = -o + 2*z + 263. Calculate the remainder when o is divided by 9.
5
Suppose -1196*h + 1195*h = -5*n + 1033, 2 = h. Calculate the remainder when 925 is divided by n.
97
Let z = -89 - -82. Let v(k) = -12*k + 41. What is the remainder when v(z) is divided by 34?
23
Suppose 2*j - 44 = 4*y, -5*j + 180 = -y + 5*y. Suppose -3*h + 8*z = 7*z - 16, -j = -5*h - z. Let l = -8 - -19. What is the remainder when l is divided by h?
5
Let h(m) = -m**3 - 9*m**2 + 42*m + 257. Calculate the remainder when 2*90*(2 - 1) is divided by h(-11).
32
Let j(p) = 23*p**3 + 1378*p**2 - 145*p - 107. Calculate the remainder when j(-60) is divided by 198.
7
Suppose 5*s = -z + 3*s + 40, -2*z = -5*s - 116. Let g = 27 + 13. What is the remainder when z is divided by g?
8
Let b be (-8)/(-20)*(91 - 1). Suppose 2*q - 44 = -b. Suppose -u = 5*f - 159, 4*u = q*f - 0*u - 132. What is the remainder when 157 is divided by f?
29
Let s = -1206 - -1479. Calculate the remainder when s is divided by 47.
38
Let r = 8 + -2. Suppose 27*x - 17*x = -5*p + 25, 5*p + 2*x = 73. Calculate the remainder when p is divided by r.
5
Let p(g) = 5. Let m(y) = -y - 10. Let f(r) = 2*m(r) + 5*p(r). Let w = 206707 - 206668. What is the remainder when w is divided by f(-8)?
18
Let i = -1353 + 1764. Calculate the remainder when i is divided by 65.
21
Let z = -54133 - -33594. Calculate the remainder when 183 is divided by 4/38 + z/(-361).
12
Let k(j) = 5*j - 43. Let t be k(7). What is the remainder when 39 is divided by 48/t + 31/1?
14
Let f(b) = 50*b**2 - 745*b - 12. Calculate the remainder when 1765 is divided by f(15).
1
Suppose 0 = 10*h - 16*h + 24. Let n(m) = 6*m**2 + 11 - 2*m**3 + 5*m**3 - 2*m**3 - 9*m + h*m**2. What is the remainder when n(-8) is divided by 53?
52
Let b = 456 - 453. Suppose -107 = -2*j - 4*l + b*l, 10 = 2*l. What is the remainder when 251 is divided by j?
47
Suppose -5 = -5*z, y = -2*z - 2*z + 6. Suppose -5*o + 686 = j, y*j - j - 548 = -4*o. Suppose o = 6*s - 360. Calculate the remainder when s is divided by 43.
40
Let p(w) = w**2 - 58*w + 24. Let z be p(57). Calculate the remainder when 182 is divided by (-753)/z + (-16)/(-88).
21
Let q(a) be the second derivative of -a**5/10 - 5*a**4/12 + a**2 - 184*a. Calculate the remainder when 184 is divided by q(-4).
34
Let h(l) = -879*l - 4356. What is the remainder when h(-5) is divided by 12?
3
Let q = -12362 - -12470. What is the remainder when 8853 is divided by q?
105
Suppose 2567 = 32*p - 1113. Calculate the remainder when 6554 is divided by p.
114
Let b(p) = -7*p - 136. Let m be b(-21). Let g(u) = -u**3 + 13*u**2 - 13*u - 52. What is the remainder when g(m) is divided by (-2)/(-6) + (-148)/(-6)?
22
Calculate the remainder when 546 is divided by 82/(4*(-7)/(-63)*36/8).
13
Suppose -5 = -5*v - 5*z - 20, 2*v = -3*z - 7. What is the remainder when 9 is divided by v/(((-5)/(-10))/1*-2)?
1
Suppose 0 = 15*p + 11 + 169. What is the remainder when 302 is divided by (p + 11)/(2/(-122)*1)?
58
Let q = -52 - -142. Let x(c) = c**2 - 46*c + 471. What is the remainder when x(33) is divided by 6/9*q/4?
12
Suppose -85*g + 90*g - 5*v = 5010, -2*g - v + 2010 = 0. What is the remainder when g is divided by 9?
5
Let h = 11864 + -11930. Let a = 353 + -227. Let o = h + a. Calculate the remainder when o is divided by 21.
18
Let a(l) = -6*l + 481. What is the remainder when a(29) is divided by 78?
73
Suppose 1866 = 2*k - d - 444, 4*d + 32 = 0. Calculate the remainder when k is divided by 6.
5
What is the remainder when 309 is divided by -10*16/160*-2*201/6?
41
Suppose 816 = 12*w + 4*w. Suppose -22 = -3*y - 7. Calculate the remainder when w is divided by (y/(-5))/((-1)/9).
6
Let u(g) = -25*g - 1492. What is the remainder when u(-66) is divided by 59?
40
Let k = -5364 - -5914. What is the remainder when k is divided by 14?
4
Suppose s - 17 + 6 = -2*x, -s - 24 = -3*x. Suppose 0 = -4*o + 873 + x. Suppose 37*r - 32*r - o = 0. What is the remainder when r is divided by 9?
8
Suppose -50*o = 64*o - 1254. What is the remainder when 283 is divided by o?
8
Let p = 1311 + -1304. What is the remainder when (-3 + -4)*-2 - 1 is divided by p?
6
Suppose -2*g + 3*l = 8*l - 344, -l - 516 = -3*g. Let v = g + 5. What is the remainder when v is divided by 9?
6
Let f(q) = 2*q**3 + 55*q**2 - 26*q - 5. Let n be f(-28). Let l = n + 65. What is the remainder when 67 is divided by l?
3
Let g(m) = 4*m**3 - 12*m**2 + m + 12. Let r(x) = 5*x**3 - 13*x**2 + x + 12. Let a(z) = 6*g(z) - 5*r(z). Calculate the remainder when 266 is divided by a(-8).
62
Let v(l) = -13*l + 217. What is the remainder when 106 is divided by v(14)?
1
Let g(m) = 25*m + 4. Let f = 47 + -99. Let a = -38 - f. Calculate the remainder when g(3) is divided by a.
9
Let g = -29 - -45. Suppose 28*r + 1296 = 68*r - 31*r. Calculate the remainder when r is divided by g.
0
Let q = 19909 - 19844. Calculate the remainder when q is divided by 49.
16
Let b(d) = 63*d + 71. Let i(g) = 63*g + 79. Let h(l) = 6*b(l) - 7*i(l). Calculate the remainder when h(-10) is divided by 63.
62
Suppose 4*z + s - 25748 = 0, 6*z - 38622 = 7*s - 4*s. Calculate t